j - 2. Calculate d(1).
-11
Suppose -5*w + 2 = -13. Let g(h) = -3*h - 1. Give g(w).
-10
Let b = 3 - 1. Suppose 5*r = -4*j + 13, -b*r + 0*j - 2 = -2*j. Let k(u) = -3*u + u + r + 0 + 5*u**3. What is k(1)?
4
Let k = -4 + 13. Let q = k - 6. Let z(x) = x**3 - 2*x + 0*x**2 + 1 + 3*x - q*x**2 + 2*x**2. Determine z(-1).
-2
Let s(b) be the second derivative of -3*b + 0*b**3 + 0*b**2 + 0 - 1/20*b**5 + 1/12*b**4. Give s(0).
0
Let x(t) be the second derivative of -t**5/20 + t**4/4 + 5*t**3/6 + t**2 - t. Let g be (-50)/(-12) - 5/30. Calculate x(g).
6
Suppose -4*v = -6*v. Suppose v*s = s + 5. Let b(l) = -2*l - 4. What is b(s)?
6
Let t(x) = 3*x**2 - 3*x + 6. Let y(s) = -4*s**2 + 2*s - 5. Let v(l) = -3*t(l) - 2*y(l). Give v(6).
-14
Let h(c) = c**3 - 4*c**2 + 2*c + 2. Let b be h(3). Let d be (-9)/(b - 2) - 0. Let w(p) = 2*p + 4. Determine w(d).
10
Let w(d) = -2*d + 4. Let s(q) be the third derivative of q**4/24 + 3*q**2. Let n(y) = -4*s(y) - w(y). Calculate n(-4).
4
Let b(x) = -x**3 + 4*x**2 - 3*x + 4. Let g(s) = -s**2 + 7*s + 3. Let m(n) = 2*n - 3. Let q be m(5). Let k be g(q). What is b(k)?
4
Let f be 3/(-9)*0 + 3. Suppose f*b = b + 6. Let d(g) = -2*g + g + 0*g + b*g - 5. Determine d(4).
3
Let s(c) be the second derivative of -c**4/12 - c**3/3 - 4*c. What is s(2)?
-8
Let v(a) = 15 + 10*a**2 - a + 2*a - 9*a**2. Calculate v(0).
15
Let g = 0 - -1. Let f be (1 + (-4 - -2))*g. Let v(j) = 3*j**2. What is v(f)?
3
Let z(y) = 4*y - 2. Suppose -3*j - 15 = -3*x + 2*x, 18 = 4*x + 2*j. Let k(l) = -l + 4. Let q be k(x). What is z(q)?
-10
Suppose -2*d = -z - 1, 2*d + 2 = -4. Let y(t) = t + 15. Calculate y(z).
8
Let p(j) = -3. Let q(i) = 1. Let h(b) = 3*p(b) + 8*q(b). Let k(r) = r**2 - r + 15. Let z(n) = -3*h(n) - k(n). Calculate z(0).
-12
Let z = -5 - -4. Let v(r) = 15*r**3 - r**2. Calculate v(z).
-16
Let d(g) be the second derivative of -g**3/3 + 16*g. Let j = -6 - -8. Give d(j).
-4
Let r = -6 + 10. Suppose -10 = -3*l + 2*u, -l - 3*l = r*u - 20. Let v(p) = 0 + p + 3 - l. What is v(3)?
2
Let s(l) be the third derivative of -1/2*l**3 + 0 + 0*l + 1/24*l**4 + l**2. Suppose 0*r = r + d - 4, 0 = -5*d + 10. What is s(r)?
-1
Let c = 15 + -14. Let l(z) = -6*z - 1. Calculate l(c).
-7
Let a be (-3)/((2 - 4)/2). Let s(f) = -2*f**3 + f - 15 + 10 - 5*f**2 + f**a. Give s(-5).
-10
Let l(r) be the first derivative of -r**2 + 3*r + 4. Determine l(5).
-7
Let l(b) be the first derivative of b**2/2 + 4*b + 10. Give l(-10).
-6
Let z(i) = i**2 + 8*i - 6. Let m = 14 + -23. Give z(m).
3
Let b = 12 + -8. Let l(x) = x**3 - 5*x**2 + 6*x - 2. Calculate l(b).
6
Let u(t) = t**2 + 5*t - 3. Let j be u(-5). Let w(n) be the second derivative of -n**5/20 - 5*n**4/12 - 2*n**3/3 - 2*n**2 + 2*n. Calculate w(j).
-10
Let z(n) = n - 1. Let b(o) = o**2 - 9*o + 4. Let y(s) = -b(s) - 4*z(s). Give y(6).
-6
Let m(t) = 6 + t + 1 - 5 + 0. Determine m(5).
7
Let j(u) = u**2 + 8. Let s be ((0/(-2))/(2 + -1))/(-2). Determine j(s).
8
Suppose -3*s = s. Suppose s = -6*t + t - 40. Let m(o) = -4*o - 1. Let b(k) = 6*k + 1. Let n(c) = t*m(c) - 5*b(c). Give n(-2).
-1
Let t(n) = -4*n + 3. Let f be t(2). Let l(j) = j - 5. Let a(q) = 5. Let w(c) = -2. Let s(p) = 3*a(p) + 5*w(p). Let v(d) = -2*l(d) - 3*s(d). What is v(f)?
5
Let c(q) = -7 + 11 - 7 - 3 + 3*q. Give c(5).
9
Let f = 232/3 - 77. Let l(t) be the first derivative of -4 - t**2 - f*t**3 - 2*t. Determine l(-4).
-10
Let z(v) = -v**2 + 6*v. Let k = 16 + -11. Calculate z(k).
5
Let j(a) be the second derivative of -1/12*a**4 - 1/10*a**5 + 1/6*a**3 - 3*a - 1/2*a**2 + 0. Let q = -8 - -6. Calculate j(q).
9
Let r(w) be the third derivative of -w**6/120 - w**5/15 - w**4/8 + 9*w**2. Calculate r(-2).
-2
Let r be 4 + (8/(-32))/(2/(-8)). Let z(n) = -2*n + 6. Calculate z(r).
-4
Suppose 3*m - 3*o - 24 = 0, -8 = m + 4*o - o. Let i(x) = -x + 1. Let n(j) = -j**2 + 3*j + 1. Let k(c) = -2*i(c) + n(c). Give k(m).
3
Let h(d) be the first derivative of -2*d**3/3 - 3*d**2/2 + d - 3. What is h(2)?
-13
Let i(j) = 3*j - 28. Let z(k) = 4*k - 42. Let p(b) = -7*i(b) + 5*z(b). Calculate p(-8).
-6
Let l be (-38)/(-14) + 4/14. Let g(o) = -o**3 - 2*o**2 + 2*o - 1. Let r be g(-3). Let v(d) = -2*d + 6 + r*d + 0 - l*d. What is v(4)?
-6
Let y(b) = -b**3 + 5*b**2 - b. Suppose -4*o - 5*j = 64, 0 = 2*j - 6*j - 16. Let u(q) = q**3 + q**2 - 16. Let m be u(0). Let z = o - m. What is y(z)?
-5
Let l(j) be the second derivative of j**4/6 - 5*j. Calculate l(-1).
2
Let s(t) = t**3 - 10*t**2 - 9*t - 13. Let d be s(11). Let l(f) = -d + 8 + 0*f + f. Determine l(6).
5
Let y(s) = -2*s**3 - 5*s**2 - 3*s + 2. Let x be y(-3). Suppose 4*a + a - x = -3*c, 3*c + 4 = a. Let o(q) = 2*q - 2. Calculate o(a).
6
Let x(c) = -c. Suppose -5*j = -4*w - 3, -w + 2*w = -2. Give x(j).
1
Let f(c) be the first derivative of c**3/3 - 5*c**2/2 - 6*c + 3. Determine f(7).
8
Suppose 0 = k - 4, 5*r - 2*k + 15 = 37. Let x(l) = -l**3 + 6*l**2 + 5. Let q be x(r). Suppose -s + q = -0. Let z(m) = m**3 - 5*m**2 - 4. What is z(s)?
-4
Let a(d) = 30*d**2 + 2*d - 5. Let f(s) = -29*s**2 - 2*s + 4. Let c(z) = -5*a(z) - 6*f(z). Give c(-1).
23
Let d(j) = j - 3. Let r = -20 - -14. Let y = -4 - r. Suppose -y*h = 6 - 16. What is d(h)?
2
Let w(l) = 1 + 19*l - l**3 - 2 - 20*l. Suppose -10 = 5*b - 0*b. Calculate w(b).
9
Let j(c) be the second derivative of -c**5/20 + c**4/6 + c**3/3 - c**2/2 + 4*c. Calculate j(-2).
11
Let f(p) = -p**3 - p - 1. Let u = -5 + 5. Let d be f(u). Let v(n) = 7*n. What is v(d)?
-7
Let z(k) = -k**3 - 4*k**2 + 2*k + 2. Let b(i) = -i**3 - 13*i**2 - 13*i + 4. Let r be b(-12). Suppose a - 15 = 3*g, -2*a = -5*g - 10 - r. Give z(g).
-6
Suppose 5*p + 14 + 17 = -2*c, -28 = 5*c - 4*p. Let n(g) = -g**2 - 6*g + 2. Calculate n(c).
-14
Let b(i) = -i**2 - 4*i + 1. Let g be b(-2). Let m = 3 + 0. Suppose g*d - 6 = m*d. Let y(u) = -u**3 + u**2 + 4*u. Calculate y(d).
-6
Let w = -145 - -141. Let n(h) = h**3 + 4*h**2 + 4*h + 2. Calculate n(w).
-14
Let h = 4 - 2. Suppose h*s + 2*n + 1 = -7, -2*s - 5*n = 5. Let i(g) = g**2 + 6*g. What is i(s)?
-5
Suppose 20 - 8 = 4*x. Let z(l) = 4 - 5*l - 3*l + 4*l + 4 - l**x - 7*l**2. Let m(a) = a**3 + 3*a**2 - 4*a - 6. Let r be m(-4). Calculate z(r).
-4
Let i(w) = -w**3 + w**2 - w + 1. Let c be i(1). Let r(v) be the third derivative of 1/8*v**4 + c - 1/30*v**5 + 1/6*v**3 + 0*v - 2*v**2. What is r(3)?
-8
Let i be (-3)/(-1*1/(-3)). Let r be 1/(i/5 + 2). Let p(c) be the first derivative of c**4/4 - 2*c**3 + 5*c**2/2 + 6*c - 2. Give p(r).
6
Let o be (-2)/8*(0 - 4). Let d(w) = -w**3 + w**2 - w + 1. Let l be d(o). Let m(j) = -j**2 - 5. Determine m(l).
-5
Let k(r) = 2*r + 32. Let l be k(-16). Let f(c) be the second derivative of -c**4/12 + 9*c**2/2 - c. Determine f(l).
9
Let u(g) = 4*g + 1. Let s(b) = b. Let k be s(-2). Determine u(k).
-7
Let x(a) = 20 - 6 - 5*a + 2*a + 4*a. Calculate x(-6).
8
Let d(t) = 2*t**2 - 1. Let z = -10 + 9. Give d(z).
1
Suppose 2*y - j = -4*j + 6, y - 6 = -3*j. Suppose q + 2 + 3 = y. Let v(t) = t + 3. Give v(q).
-2
Let t(b) = -2*b - 1. Suppose -5*w = 4*n - 47, 0 = w - 0*w + 3*n - 16. Determine t(w).
-15
Suppose -3*h - 3 = -30. Let z(w) = 4 - 3*w - 5*w - 8*w + 3*w. Let l(g) = 3*g - 1. Let t(j) = h*l(j) + 2*z(j). What is t(1)?
0
Suppose 5*t - 4 = 6. Let j(q) = 0*q**t + q**3 + q**2 - 4*q**2 - 4*q. What is j(3)?
-12
Let i(p) = -p**3 - 5*p**2 + p + 1. Suppose -5*d - 5 = -3*l + 5, l - 5*d = -10. Let o be (l/(-3) + 3)*15. What is i(o)?
-4
Let x be (-1)/(((-6)/(-33))/(-2)). Suppose -5*h + 5*k + 20 = 0, 5*h - 8 = 4*k + x. Let a(o) = -2*o**2 - 3 - 3*o**2 + 4 - o**h. Calculate a(-5).
1
Let h(q) = 3*q + 0*q - 7 - 5*q. Suppose 4*m = 4*y + 48, -43 + 48 = m. Calculate h(y).
7
Let y(v) be the first derivative of 3*v**2/2 + 4*v - 3. Let o = -2 - 1. Determine y(o).
-5
Suppose 5*u - u - 4 = 0. Let c(g) = g**3 + 8*g**2 + 5*g. Let n(b) = -3*b**3 - 17*b**2 - 11*b. Let x(p) = -13*c(p) - 6*n(p). What is x(u)?
4
Suppose 4*z + 30 = -2*z. Let l(a) = -a**2 - 6*a. What is l(z)?
5
Suppose 2*h = -2*h - 28. Let a = 10 + h. Let z(g) = 0*g + 5 - a - g. Determine z(4).
-2
Let o(q) be the first derivative of -q - 2/3*q**3 + 3 + 1/2*q**2. What is o(1)?
-2
Let t be (8/6)/((-3)/18). Let z(b) = -b**2 - 9*b - 8. Let c be z(t). Let u(h) = 2*h**2 - 3*h**2 - 2 + 9 - 2. Determine u(c).
5
Suppose 13 = 8*k - 19. Let j(h) = h**2 - 5*h - 2. Give j(k).
-6
Suppose 2*h 